highest common divisor of 67 and 1273?
67
What is the greatest common factor of 21 and 161?
7
What is the highest common factor of 5684 and 1392?
116
What is the greatest common factor of 148 and 17908?
148
Calculate the highest common divisor of 58 and 14.
2
Calculate the highest common divisor of 147 and 1281.
21
What is the greatest common factor of 892 and 32?
4
Calculate the greatest common factor of 5207 and 41.
41
What is the greatest common divisor of 1872 and 6912?
144
What is the highest common factor of 119 and 77?
7
Calculate the greatest common factor of 1242 and 92.
46
What is the greatest common divisor of 3 and 939?
3
Calculate the greatest common factor of 261 and 9.
9
What is the greatest common divisor of 7181 and 86?
43
Calculate the highest common divisor of 18 and 2.
2
What is the highest common factor of 301 and 4429?
43
Calculate the greatest common divisor of 490 and 4550.
70
What is the highest common factor of 684 and 288?
36
What is the highest common factor of 195 and 75?
15
Calculate the greatest common factor of 354 and 48.
6
What is the greatest common divisor of 1067 and 97?
97
Calculate the greatest common divisor of 822 and 18.
6
Calculate the greatest common divisor of 3286 and 212.
106
Calculate the greatest common factor of 159 and 2809.
53
Calculate the greatest common factor of 5846 and 1184.
74
What is the highest common factor of 1876 and 28?
28
What is the greatest common factor of 1070 and 50?
10
Calculate the greatest common divisor of 468 and 216.
36
What is the greatest common factor of 288 and 261?
9
Calculate the highest common factor of 60 and 135.
15
Calculate the greatest common divisor of 576 and 512.
64
Calculate the highest common divisor of 169 and 117.
13
Calculate the highest common factor of 19 and 513.
19
What is the highest common factor of 100 and 540?
20
What is the highest common divisor of 5628 and 84?
84
What is the highest common factor of 63 and 16?
1
Calculate the greatest common factor of 19 and 323.
19
Calculate the highest common divisor of 4815 and 450.
45
What is the greatest common divisor of 85 and 15?
5
Calculate the highest common divisor of 2150 and 25.
25
Calculate the greatest common divisor of 17 and 1088.
17
Calculate the highest common divisor of 399 and 77.
7
Calculate the greatest common factor of 75 and 5575.
25
Calculate the highest common factor of 126 and 1554.
42
Calculate the greatest common divisor of 76 and 988.
76
What is the greatest common factor of 136 and 578?
34
What is the highest common factor of 2 and 478?
2
Calculate the highest common factor of 693 and 77.
77
What is the greatest common factor of 942 and 30?
6
What is the highest common divisor of 500 and 700?
100
Calculate the highest common divisor of 238 and 34.
34
What is the greatest common divisor of 187 and 170?
17
Calculate the highest common factor of 4455 and 1815.
165
What is the greatest common factor of 42 and 700?
14
Calculate the greatest common factor of 952 and 84.
28
What is the highest common divisor of 6804 and 140?
28
Calculate the highest common divisor of 24 and 3.
3
Calculate the greatest common factor of 11 and 891.
11
Calculate the greatest common divisor of 3871 and 158.
79
What is the greatest common divisor of 78 and 4238?
26
What is the greatest common divisor of 24 and 512?
8
Calculate the highest common factor of 118 and 9322.
118
Calculate the greatest common divisor of 8758 and 1812.
302
What is the greatest common divisor of 262 and 2?
2
What is the greatest common factor of 7070 and 70?
70
What is the greatest common divisor of 5 and 235?
5
What is the highest common factor of 3 and 39?
3
Calculate the highest common factor of 742 and 14.
14
What is the greatest common divisor of 480 and 45?
15
What is the highest common factor of 7 and 686?
7
What is the greatest common divisor of 5698 and 14?
14
Calculate the highest common factor of 22 and 704.
22
Calculate the greatest common factor of 228 and 836.
76
Calculate the highest common divisor of 32 and 9328.
16
What is the greatest common factor of 143 and 99?
11
Calculate the greatest common divisor of 90 and 80.
10
What is the highest common divisor of 112 and 35?
7
Calculate the greatest common factor of 34 and 21046.
34
What is the highest common factor of 146 and 5913?
73
What is the highest common factor of 817 and 43?
43
What is the greatest common divisor of 1 and 13?
1
What is the highest common factor of 1225 and 25?
25
Calculate the greatest common factor of 111 and 1776.
111
What is the highest common divisor of 116 and 2378?
58
What is the highest common divisor of 273 and 57?
3
What is the greatest common divisor of 80 and 1040?
80
Calculate the highest common divisor of 25 and 100.
25
What is the highest common divisor of 50 and 770?
10
Calculate the greatest common factor of 234 and 882.
18
What is the highest common factor of 117 and 72?
9
What is the greatest common factor of 160 and 90?
10
Calculate the highest common divisor of 1120 and 70.
70
Calculate the highest common factor of 368 and 69.
23
Calculate the highest common divisor of 388 and 28.
4
What is the highest common divisor of 3219 and 87?
87
Calculate the greatest common divisor of 516 and 48.
12
Calculate the highest common factor of 92 and 69.
23
What is the highest common divisor of 63 and 27?
9
Calculate the greatest common divisor of 42 and 2856.
42
What is the greatest common divisor of 38 and 8322?
38
What is the highest common factor of 150 and 5670?
30
What is the greatest common divisor of 407 and 37?
37
What is the greatest common factor of 4176 and 90?
18
Calculate the highest common divisor of 685 and 5.
5
What is the highest common factor of 775 and 403?
31
Calculate the greatest common divisor of 315 and 63.
63
What is the highest common factor of 8 and 26?
2
Calculate the greatest common factor of 9 and 6381.
9
Calculate the greatest common divisor of 1036 and 70.
14
What is the highest common factor of 99 and 13530?
33
What is the highest common divisor of 27 and 1647?
27
What is the highest common divisor of 2185 and 23?
23
What is the greatest common divisor of 225 and 975?
75
Calculate the highest common divisor of 12 and 756.
12
Calculate the greatest common factor of 882 and 6.
6
What is the highest common divisor of 286 and 65?
13
Calculate the highest common factor of 456 and 24.
24
Calculate the greatest common divisor of 121 and 2299.
121
What is the highest common divisor of 1920 and 32?
32
Calculate the greatest common divisor of 65 and 6695.
65
What is the greatest common factor of 625 and 5?
5
What is the greatest common factor of 39 and 3?
3
What is the greatest common divisor of 247 and 13?
13
What is the highest common divisor of 24 and 504?
24
Calculate the greatest common factor of 28 and 704.
4
What is the greatest common divisor of 8 and 2312?
8
What is the greatest common factor of 116 and 87?
29
Calculate the highest common factor of 6 and 174.
6
Calculate the greatest common factor of 414 and 30.
6
What is the greatest common factor of 2370 and 50?
10
What is the highest common divisor of 236 and 56404?
236
What is the greatest common divisor of 56 and 22232?
56
What is the greatest common factor of 686 and 21?
7
What is the greatest common factor of 99 and 18?
9
Calculate the greatest common factor of 360 and 135.
45
Calculate the greatest common divisor of 5670 and 1750.
70
Calculate the greatest common factor of 36 and 1800.
36
What is the highest common factor of 102 and 2057?
17
What is the greatest common divisor of 1309 and 77?
77
What is the greatest common factor of 585 and 325?
65
Calculate the highest common factor of 16 and 12368.
16
What is the greatest common factor of 91 and 546?
91
Calculate the highest common divisor of 1720 and 40.
40
Calculate the greatest common divisor of 84 and 52500.
84
What is the highest common factor of 692 and 12?
4
Calculate the highest common divisor of 5 and 160.
5
Calculate the greatest common factor of 60 and 135.
15
Calculate the greatest common divisor of 4 and 6.
2
What is the greatest common factor of 58 and 11078?
58
What is the greatest common divisor of 9 and 8991?
9
What is the highest common divisor of 63 and 1449?
63
Calcul